 2*t - 7*t**2. Let a(g) = g**3 - 6*g**2 + 5*g + 3. Let k be a(5). Let s be -2*k/(-6) + -2. Calculate q(s).
-8
Let a(y) = y**2 + y - 1. Let i = 246 + -243. Calculate a(i).
11
Let c(t) = -86*t - 4*t**2 - 2*t**2 - 11 - t**3 - 2 + 83*t. Give c(-6).
5
Let m(z) = -z + 36730 - 2*z - 36714. Give m(8).
-8
Let z(k) be the second derivative of k**5/20 + k**4/12 + k**3/6 + 6*k**2 + k + 49. Determine z(0).
12
Let s(i) = -i - 3. Let o(n) = 5*n - 16. Let v = -20 + 24. Let m be o(v). What is s(m)?
-7
Let j = 92 - 85. Let m(k) = -3*k + 10. Determine m(j).
-11
Let t(o) = -21*o + 509. Let a be t(25). Let h(s) = -s**2 - 16*s - 5. Give h(a).
-5
Let g(v) = 109*v + 110*v - 492*v + 120*v - 1 + 108*v. Give g(-1).
44
Let l(g) = 5*g**2 - 4*g - 11. Let v(k) = 2*k**2 - k - 4. Let z(b) = -2*l(b) + 7*v(b). Let s(q) be the first derivative of z(q). What is s(-1)?
-7
Suppose -24 = -5*p - 3*x, 3*p - x = p + 3. Let c(f) = -f**2 + 3*f. Give c(p).
0
Let f = -16 - -19. Let a(j) = 2*j**2 + f + 0*j**2 - j**3 - 3*j - j. Let c = 9 - 7. Calculate a(c).
-5
Let x be (-2)/7 - 2*(-270)/(-70). Let u(w) = -w**3 - 9*w**2 - 2*w - 6. What is u(x)?
-54
Suppose 0 = -o + w + 7, 28 = -2*o + 6*o + 3*w. Let c(x) = 0*x + x - 6 + o. Suppose 2*y - 4 = 0, 5*r + 2*y - 4 = -0*y. Calculate c(r).
1
Suppose -s + 3*s = 6. Let k(f) = 0 - s + 7*f - 1 - 10*f. What is k(-8)?
20
Let w(g) = -g**3 + 5*g**2 + 4. Let v be w(5). Suppose -c + 4 = 0, t - v*c + 10 = -2*t. Let u(d) = -1 + 0 + 14*d**t - 13*d**2. Calculate u(0).
-1
Suppose 2*q = 2*m - 0*m - 8, 0 = -q + 4. Let w be m/5 + (-3)/5. Let z(v) = -5*v**2 + 0 - v**2 - 3*v**2 + 1. Give z(w).
-8
Let g(y) be the third derivative of -y**5/120 + 7*y**4/24 + y**3/3 + 11*y**2. Let v(t) be the first derivative of g(t). Give v(0).
7
Let x(j) be the first derivative of j**2/2 + 6*j - 496. What is x(2)?
8
Let q be (-36)/(-21) - (-2)/7. Let y(v) = -4 + 2*v**q + 4. Suppose 0 = p + 4*g - 22, 0*p - 4*g + 16 = -2*p. Calculate y(p).
8
Let g = 16 - 23. Let i be 12/g + 10/(-35). Let l(h) be the second derivative of -h**4/3 - 2*h**3/3 - 3*h**2/2 - 15*h. Determine l(i).
-11
Let r(w) = 0 + 2 + w - 5. Suppose -564*i + 562*i - 16 = -4*k, 0 = -i + 6. Determine r(k).
4
Let j(w) = -w**3 + w**2 + 4*w - 11. Let f be j(2). Let z(q) = -3*q**2 + 6*q - 9. Let g(a) = -7*a**2 + 12*a - 19. Let o(y) = 4*g(y) - 9*z(y). Determine o(f).
-2
Let w = -6 + 8. Let h(z) = 7*z - 2 + w. Suppose 19*l - 8*l = 11. Calculate h(l).
7
Let p(q) be the first derivative of -5*q**4/2 + q**3 + 3*q**2 - 7*q + 12. Let y(l) = -7*l**3 + 2*l**2 + 4*l - 5. Let i(v) = 5*p(v) - 7*y(v). Give i(2).
0
Let a(j) = 3*j**3 + 11*j**2 - 7*j + 9. Let u(o) = -7*o**3 - 23*o**2 + 13*o - 16. Let k(w) = 5*a(w) + 2*u(w). Calculate k(-10).
3
Let x be (-3)/((-30)/388) - (-1)/5. Suppose -x*v = -30*v - 72. Let j(k) = k**2 - 8*k + 10. What is j(v)?
10
Let t(p) = p**3 - 4*p**2 + 2. Let j be (-330)/45*(7 - 1). Let x = j - -47. Determine t(x).
-7
Let c(n) = 7*n**2 + 3*n**2 - 4*n**2 + 0*n**3 + 8 - n**3. Let w be c(6). Suppose 0*s - 4*s + w = 0. Let i(t) = 3*t**2 - 1. Calculate i(s).
11
Let k(o) = 3*o - 4. Let m be k(2). Let n(h) = -2*h**2 - 3 + 3*h**2 - 3*h + h + 6*h - h**3. What is n(m)?
1
Let u(o) = -3*o - 3. Let p(r) = -r - 1. Let q(d) = 17*p(d) - 6*u(d). Let s be q(1). Let k be s/(-6) - 6/9. Let t(h) = 5*h**3 - 2*h - 1. What is t(k)?
-4
Let u(i) be the third derivative of -i**7/280 - i**6/720 - i**5/120 - i**4/2 + 10*i**2. Let w(m) be the second derivative of u(m). Determine w(-1).
-9
Suppose p + 5*w = -18, 6*p - 23 = 2*p - w. Let h(f) be the second derivative of f**4/12 - 3*f**3/2 + 7*f**2/2 + 5*f. Give h(p).
-7
Let z(l) be the second derivative of 0 - 35*l - 2*l**2 + 1/2*l**3. Give z(6).
14
Let x(c) = -3*c**3 - 18*c**2 + 13*c + 3. Let s = 61 + -69. Let m(v) = -v**3 - 6*v**2 + 4*v + 1. Let y(g) = s*m(g) + 3*x(g). Calculate y(-7).
1
Suppose h = 8 - 3. Let b(o) = o**3 - 5*o**2 - o - 1. Let s be b(h). Let y(q) = q - 5. Give y(s).
-11
Let u(p) = -9*p**3 - 21*p**2 - 23*p - 8. Let c(i) = 5*i**3 + 11*i**2 + 12*i + 4. Suppose 22 = -4*n - 2. Let g(j) = n*u(j) - 11*c(j). Give g(6).
4
Let r(b) = b - 5. Let d be ((-8)/((-48)/(-9)))/((-6)/(-16)). Let a(f) = -f + 1. Let l(w) = d*a(w) - r(w). What is l(4)?
13
Let m(f) = -3*f**3 - 1. Let t(d) = d**2 - 6*d - 1. Let j be t(8). Suppose 2*v - j = -v. Suppose -v*c - 21 = -4*b, -5*c + 4 = 3*b + 32. Calculate m(b).
2
Let u(j) = j**2 + 2*j + 16. Let c be u(-9). Let y = c - 82. Let h(q) = -q - 7. What is h(y)?
-4
Let k(p) = -2*p**3 + 33*p**2 - 43*p + 5. Let o(r) = r**3 - 16*r**2 + 21*r - 2. Let g(c) = -6*k(c) - 13*o(c). Determine g(8).
4
Let y(p) = -p**2 + 11*p. Let g be y(11). Suppose -4*l + g*l = 0. Let z(s) = s**2 - 10. Give z(l).
-10
Suppose 2*p + p = 6, -3*v + 8 = 4*p. Let u(t) = t + 14. Give u(v).
14
Let b(m) be the second derivative of -m**3/6 - 11*m**2/2 + 74*m. What is b(-17)?
6
Let h(j) = 0*j**2 + j**3 + 0*j**2 - 4 - j - 5 - 4*j**2 + 11. Give h(4).
-2
Let c(x) = 9*x**2 + 2*x - 1. Let l(t) = 20*t**2 + 4*t - 2. Let f(b) = -5*c(b) + 3*l(b). Suppose 0 = -0*d - 2*d + 2. What is f(d)?
16
Let r(u) = -u**2 - 6*u - 6. Let q(v) = 9*v + 3*v - 6*v + 7*v + 13 + 3*v**2. Let h(w) = -2*q(w) - 5*r(w). Let x be 2/5 + (-18)/(-5). Calculate h(x).
4
Let q be (-10 - -12) + 1 + -1. Let k(u) = u**3 + 7*u**2 + 2*u - 5. Let t(g) = -g. Let a(i) = q*t(i) - k(i). Determine a(-6).
-7
Let h(i) = -3*i**2 + 66*i - i**2 + 10 + 0*i**2 - 57*i + i**2. Determine h(-1).
-2
Let g(m) = 8*m - 40 + 46 + m**2 - 2*m + 0*m - m. Give g(-3).
0
Let h(z) = 3*z**2 + 2*z + 1. Let l(q) = 0*q - 517 + 508 - q. Let a be l(-8). What is h(a)?
2
Let o(j) be the first derivative of j**3 + j**2/2 - j - 2. Let r be o(1). Let f(q) = q + 3. Calculate f(r).
6
Let h = 885 - 883. Let d(g) = -4*g**2 + 4*g - 3. What is d(h)?
-11
Let d(r) = 28*r**3 - 41*r**2 + 26*r + 15. Let z(h) = -13*h**3 + 20*h**2 - 12*h - 7. Let l(f) = 6*d(f) + 13*z(f). Give l(14).
-1
Let l(v) = 88*v - 2. Let q be l(-1). Let j = -91 - q. Let f(u) = -11*u**3 + u**2 + 2*u + 1. Calculate f(j).
11
Let g(q) be the first derivative of 1/120*q**5 + 0*q + 10 - 1/8*q**4 - 5/3*q**3 + 0*q**2. Let z(o) be the third derivative of g(o). Give z(8).
5
Suppose s - 6 = -0*s. Let k be 4/(-12) - (-8)/s. Let g(y) = -k - y + 3*y - y**2 - 2*y - 2*y. Give g(2).
-9
Let u(l) = -3*l**2 - 1. Let b(a) = -5*a + 5. Let v be b(-5). Let j = 59 - v. Suppose -k = j - 28. Determine u(k).
-4
Let y be (-81)/(-18)*1*2. Let k = 11 - y. Let s(q) = 1. Let a(i) = i - 3. Let l(o) = -a(o) - 3*s(o). What is l(k)?
-2
Let i(m) = -3*m**2 - 26*m + 10. Let k(b) = 2*b**2 + 14*b - 5. Let u(v) = 3*i(v) + 5*k(v). Calculate u(8).
5
Let b = -13 + 12. Suppose -2*a + 3*a = 3. Let z(i) = 0*i**3 - 1 + 2*i**3 + 8*i**3 + a*i**3. Give z(b).
-14
Let i be 572/(-56) - 18/(-84). Let r(z) = -z**3 - 10*z**2 + 5*z - 13. Determine r(i).
-63
Let q be (9*-1 + 2)*(-14)/14. Let g(s) = s**2 - 11*s + 7. Determine g(q).
-21
Let i(a) = 13 - 44 - a + 32. Determine i(0).
1
Let z be 8 + (-29 - -8) + 3. Let c(f) = f**2 + 10*f + 14. What is c(z)?
14
Let k(b) be the third derivative of -b**6/360 - b**5/40 + 3*b**3 + 9*b**2. Let t(o) be the first derivative of k(o). What is t(-5)?
-10
Let f(c) = -c**2 + c - 1. Let l be 2/(1/(3/((-9)/(-30)))). Suppose -3*a + 96 = -5*j - 4*a, j - 4*a = -15. Let n = l + j. Determine f(n).
-1
Let s(j) be the third derivative of 8*j**2 + 1/6*j**3 + 1/6*j**4 + 0 + 0*j. Let q = 6 + -5. Calculate s(q).
5
Let v(g) = g**2 - 4*g - 5. Let p be (0 + 6/8)/((-32)/(-384)). What is v(p)?
40
Let d(t) = -t**2 - 6*t - 4. Let x = -30 + 27. Let m be -3 - (3 - (5 + x)). Determine d(m).
4
Let l(t) = -t**3 - 8*t**2 - 4*t - 4. Suppose -43*b + 150 = -73*b. Calculate l(b).
-59
Let s(h) = 3*h + 2. Let f(w) = -74*w - 738. Let u be f(-10). Give s(u).
8
Suppose 4*g + 14 = 4*k + 2*g, -5*k - 10 = 3*g. Let o(y) = 3*y**2 + 6*y + 0*y - k - 6*y**3 + 5*y**3. What is o(4)?
7
Suppose 0 = -9*t + 57 - 3. Suppose -11 = -w - t. Let j(a) = -a**3 + 5*a**2 + 4*a - 6. Determine j(w).
14
Let x be -10*(0 + (-2)/(-4)). Let o(q) be the first derivative of q**5/120 + 7*q**4/24 + 7*q**3/3 + 9. Let h(w) be the third derivative of o(w). What is h(x)?
2
Let m = -62 + 61. Suppose 5*i - 13 = 7. Let b(g) = 8 + i*g**3 + 8 - 15 + 3*g**3 - g**2 + g. Calculate b(m).
-8
Suppose 5*w - 13 = 3*b, -w = 2*w + 2*b - 23. Let j(o) = -2